2 = -5*j + 18, -7 = 5*t - 3*j. What is the remainder when d is divided by t?
0
Let g(b) = -b + 7. Let z be (3 + 14/2)/(-2). What is the remainder when g(0) is divided by z/(-2) + 2/4?
1
Suppose 5*p = 3*p. What is the remainder when 22 is divided by (p + -1)*2 + 14?
10
Let h(b) = b + 23. Calculate the remainder when 44 is divided by h(-7).
12
Let r(g) = g**3 + 3*g**2 - 5*g + 1. Let t be r(-4). Let f = 4 + t. Let x = -17 + 34. What is the remainder when x is divided by f?
8
Let y(t) = -2*t**3 + t**2 - t - 1. Let r be y(-1). Let j(l) = l**3 - l**2 - 5*l + 3. What is the remainder when j(r) is divided by 2?
0
What is the remainder when 34 is divided by ((-42)/(-15))/(6/15)?
6
Suppose 3*i = t - 26, 5*t - 4*i - 75 = -0*i. What is the remainder when 39 is divided by t?
6
Let b(z) = -z - 4. Let k(t) = -t**3 + 2*t**2 + 2*t - 4. Let h be k(3). Calculate the remainder when 4 is divided by b(h).
1
Suppose 0 = -54*b + 66*b - 420. Suppose -k + 6 = i - 4*k, 2*i + 8 = -4*k. Suppose -4*n + n + 27 = i. Calculate the remainder when b is divided by n.
8
Suppose 29*z - 32*z + 75 = 0. Calculate the remainder when 122 is divided by z.
22
Suppose y = -2 + 4. Calculate the remainder when 85 is divided by ((-1)/(2/(-116)))/y.
27
Suppose -21 = -4*w - 5. Suppose -5*u = -w*k - 149, -3*u + 4*k + 48 = -43. What is the remainder when u is divided by 10?
9
Let y be 2*(-3)/(-9)*6. Suppose 3*m + y = 124. Let c(z) = -3*z - 3. What is the remainder when m is divided by c(-8)?
19
Let j = 129 - 106. Calculate the remainder when 388 is divided by j.
20
Suppose 0*h + 32 = h. Let w(k) = -2*k + 11 + 7*k - 2*k - 5*k. Calculate the remainder when h is divided by w(0).
10
Suppose 4*r = 3*r + 8. What is the remainder when 12 is divided by r?
4
Suppose 4*n + 28 = -2*c, -7 = -2*n + 5*n + 5*c. Let z = -5 - n. What is the remainder when z is divided by (-1)/(-2) - 6/(-4)?
0
Let r be (2*1)/(1/(-11)). Let m = r + 62. What is the remainder when m is divided by 14?
12
Suppose -6*i + 10*i - 40 = 0. What is the remainder when 18 is divided by i?
8
Let h = 6 - 4. Suppose -5*q - 1 = -2*v, -h*v + 0*q + 9 = 3*q. Calculate the remainder when 5 is divided by v.
2
What is the remainder when (-21 + 16)*-7*1 is divided by 4?
3
Suppose 3*q = k + 2, k + 4*k - 6 = -q. Let u = k + -1. Suppose u = 2*t - 0*t - 50. Calculate the remainder when t is divided by 9.
7
What is the remainder when 93 is divided by (66 - 6)*(2 + 24/(-15))?
21
Suppose 0 = 4*p - 2*l - 12, -l - 6 - 6 = -4*p. Let m = p - 0. Suppose m*k - q = 136, 4*q + 13 = k - 25. Calculate the remainder when k is divided by 16.
14
Let z(b) = -b**3 + b**2 - b + 44. Let u be z(0). Suppose 0*c - 2*c + u = 0. Let p(n) = -n**3 + 7*n**2 + n + 5. What is the remainder when c is divided by p(7)?
10
Suppose -3*p + 1 = -116. What is the remainder when 193 is divided by p?
37
Calculate the remainder when (8/(-12))/((-2)/(-84)*-2) is divided by 6.
2
Let c be 10/6 + 4/12. Suppose -o + c + 2 = 0. Suppose -o*d - 3*u = -8*u - 72, 131 = 5*d + 4*u. What is the remainder when 68 is divided by d?
22
Let l be 2/3 - 32/(-6). Let s = -5 - -8. Let x = s + l. What is the remainder when x is divided by 5?
4
What is the remainder when 73 is divided by 4 + (1 - 1 - -11)?
13
Let t(c) = -c - 8. What is the remainder when t(-26) is divided by 4?
2
Let d = 2 - 1. Suppose -2*x + 11 - d = 0. Let g(i) = 9*i + 1. Calculate the remainder when g(x) is divided by 16.
14
Let a(n) be the second derivative of n**4/12 + 3*n**2 - 3*n. What is the remainder when a(-5) is divided by 11?
9
Let l(i) = i**2 - 6*i + 5. Let b be l(5). Suppose b = k + k - 46. What is the remainder when 44 is divided by k?
21
Let b(f) = f**3 + 7*f**2 + 4*f - 21. Suppose -3*g + 125 = 2*g. What is the remainder when g is divided by b(-5)?
7
Let l = 8 + -7. What is the remainder when 5 is divided by 30/8 + l/4?
1
Let k be 3/3*0/3. Suppose 58 = g - 4*z, -4*g + 119 = -g - z. Calculate the remainder when g is divided by (k - 13/2)*-2.
12
What is the remainder when 72 is divided by (-2)/(-2*1/37)?
35
Let a = 132 + -85. Let w(b) = b**2 + 7*b - 6. Calculate the remainder when a is divided by w(-9).
11
Let u(q) = 2*q - 8. Let d be u(6). Suppose s = k, k + d = -s + 10. What is the remainder when 17 is divided by (9/6)/(k/18)?
8
Suppose 0 = 5*i - 3*s - 86 - 45, -5*i + 127 = -s. Calculate the remainder when i is divided by (-2)/(-3) - (-40)/3.
11
Suppose -28 = m - 89. Let g(r) = r**3 - 5*r**2 + 3*r + 6. What is the remainder when m is divided by g(5)?
19
Let z = 1 + -7. Let k(f) = -15*f - 7. Let j(h) = -31*h - 15. Let t(w) = z*j(w) + 13*k(w). Calculate the remainder when 22 is divided by t(-1).
6
Suppose -4*y - 5*t = -40, -y + 10 = -2*t - 0*t. Suppose -30*o = -24*o - 294. Calculate the remainder when o is divided by y.
9
Let c(m) = 2*m + 35. Let h(p) = p + 18. Let s(z) = 4*c(z) - 7*h(z). Let w be s(-6). Suppose -w*y + 4*y = -136. What is the remainder when y is divided by 12?
10
Let t = 71 - 33. Calculate the remainder when t is divided by 13.
12
Suppose -4*q + 69 = -q. What is the remainder when q is divided by (11 - -1) + 0*(-10)/40?
11
Suppose n - 10 = 2*n. Let j = 21 + n. What is the remainder when 21 is divided by j?
10
Let b(a) = 3*a**2. Let n be b(1). Suppose -48 = -l - n*l. Calculate the remainder when 20 is divided by l.
8
Suppose -30 = -3*t + t. Suppose -3*w + t = m - 0*w, m - w + 1 = 0. Calculate the remainder when 14 is divided by 0 + 6 + (m - 1).
6
Let u(y) = -y + 41. Suppose n = 7 - 5. Suppose 0 = i - 2*p - n + 6, -3*i - 10 = -5*p. What is the remainder when u(i) is divided by 14?
13
Let c be (-3)/4*(0 + 4). Suppose y + 9*y - 200 = 0. What is the remainder when y is divided by 1/c - 22/(-3)?
6
Let x be (2 + -1)*(1 - -4). Suppose -3*w = 0, 4*n + x*w = n + 27. Suppose n*d - 4*d - 5 = 0. Calculate the remainder when d is divided by 1.
0
Let i be 1 - (-3 + 2)*187. Let v be (1 - -3) + -3 + i. Let h = 265 - v. Calculate the remainder when h is divided by 26.
24
Let k = 21 - 15. Let u = 2 + -3. Let y = 16 - u. Calculate the remainder when y is divided by k.
5
Suppose 2*m + 0*m = 4. Let j be ((-21)/(-2) + -1)*m. Suppose 2*a = 3*a - j. What is the remainder when 37 is divided by a?
18
Let z(g) = 4*g - 19. What is the remainder when 15 is divided by z(6)?
0
Suppose -2*z = -10 - 2. Calculate the remainder when 23 is divided by z.
5
Let p(r) = -r**2 + 7*r - 6. Calculate the remainder when 15 is divided by p(4).
3
Suppose 0 = -y - y - o + 8, -o = -3*y + 2. Let j(m) = m**2 + 6*m - 6. Let a be j(-8). What is the remainder when 11/5 - 2/a is divided by y?
0
What is the remainder when 145 is divided by 2 + 9/(-4) - (-765)/36?
19
Let p(k) = -k**3 - 5*k**2 - 3. Let y be p(-5). Let r = -5 - y. What is the remainder when 10 is divided by 5 + -2 + (1 - r)?
4
Let x(l) = -l + 58. Calculate the remainder when x(0) is divided by 12.
10
Let x = 8 - 7. Suppose p - 16 = x. Let g(c) = c**3 + 7*c**2 - 5*c - 2. Calculate the remainder when g(-7) is divided by p.
16
Let q(z) = 2*z**2 - z. Let k = -3 + 2. What is the remainder when 5 is divided by q(k)?
2
Suppose -4*i = -0*i. Let l be (1 - i)/(3/(-6)). What is the remainder when 14/8*(6 - l) is divided by 5?
4
Suppose u + 0*u = 61. Suppose -5*w - 115 = -0*w. Let o = w + u. What is the remainder when o is divided by 13?
12
Let b = 155 - 136. Calculate the remainder when 110 is divided by b.
15
Suppose 3*n = n + 74. Calculate the remainder when n is divided by (-12)/9*45/(-6).
7
Suppose -74 = -3*f - 5*j, -f + 0*f + 38 = -5*j. Calculate the remainder when f is divided by 6.
4
Let k(j) = -2*j + 3. What is the remainder when 7 is divided by k(0)?
1
Let q(u) be the third derivative of -u**5/60 + u**4/4 + u**3 + 3*u**2. Let p be q(6). What is the remainder when 26 is divided by p*2 - (-1 + -1)?
12
Suppose -42 = -x - 0*x. Let a(j) = -j**3 + 19*j**2 + 21*j - 18. Let q be a(20). Suppose -2*o = q*o - 60. Calculate the remainder when x is divided by o.
12
Let l be 2/(-12)*22*-3. Suppose -4*d = 3*h - l, -4*d - 2*h = -3 - 11. What is the remainder when 13 is divided by d?
3
Let g be (-6)/4*30/(-9). Suppose 5*k - g*h = 67 + 13, -4*k - 5*h = -37. What is the remainder when 25 is divided by k?
12
Suppose 0 = -4*y + 4, 0*n - 3*y = 4*n - 23. Suppose 22 = m - 3*l - n, -3*m = l - 31. What is the remainder when 46 is divided 